digit of i?
3
Let i = -107 + 118. Suppose 2358 = i*t - 51. What is the units digit of t?
9
Let s(a) = -a**3 + a**2 + 2*a + 89. Let v(y) = y**2 - 2*y - 3. Let g be v(3). What is the tens digit of s(g)?
8
Suppose 0 = r + 3*r - 28. Let l = r + -3. Suppose -l*o + 44 = -2*o. What is the tens digit of o?
2
What is the hundreds digit of 630 + 5 - (-19 - -31)?
6
Let i be ((-2)/3)/(4/6). Let m(f) = -222*f**3 - f**2 + 1. Let j be m(i). Suppose 5*a - 2*u = -0*u + j, -177 = -4*a + u. What is the units digit of a?
4
Let s(j) = 9*j**3 - 5*j**2 + 3*j - 4. Let x be s(3). Suppose 3*w = x + 244. Suppose -4*m - 2*y + w + 51 = 0, 0 = -5*m - y + 253. What is the tens digit of m?
5
Suppose 0 = -3*x + 6, 2*a = 2*x + 1 + 7. Suppose 4*d = 16, a*d = 5*k + d - 960. What is the hundreds digit of k?
1
Let y(p) be the third derivative of 47*p**7/2520 - p**6/720 + p**4/3 - 4*p**2. Let h(v) be the second derivative of y(v). What is the units digit of h(1)?
6
Let g be (1 - 56/(-6)) + (-10)/(-15). Let d(x) = 2*x + 9. What is the tens digit of d(g)?
3
Suppose x - 5*b + 11 = 0, -2*x + 1 + 3 = 3*b. Let g = -5 + 11. Let o = g + x. What is the units digit of o?
5
Suppose 382 = -5*j - 1443. Let x = 535 + j. What is the tens digit of x?
7
Suppose 2*d = -31 + 9. Let j(y) = 4*y + y + y**2 + 3*y - 4. What is the units digit of j(d)?
9
What is the units digit of 16*142/5 + 54/(-135)?
4
Let d(h) = 2*h**2 + 10*h + 10. Let v be d(-9). Let t = 134 - v. Suppose 5*b - b = t. What is the tens digit of b?
1
Let w(h) = -13*h**3 + 8*h**2 + 7*h - 1. What is the units digit of w(-3)?
1
What is the tens digit of (-3567018)/(-936) + 1/12?
1
Let b be (-3)/(27/2) - 782960/180. What is the hundreds digit of b/(-17) - (18/51)/(-3)?
2
Let a = 48 - 18. Let b = -10 + a. What is the units digit of b?
0
Let k(o) = -o**2 - 13*o - 10. Let q be k(-12). Suppose 0 = -5*t - 2*l + 34, -q*t = t + 4*l - 26. Suppose 2*p + 40 = t*p. What is the units digit of p?
0
Let s(x) = x**2 + 3*x + 2. Let z be s(-2). Suppose z = -5*g + 107 + 188. What is the tens digit of g?
5
Suppose 3*y - 11 = 2*q, -2*y + 2*q + 2*q + 10 = 0. What is the units digit of (1/y)/(4/12)?
1
Let o(c) = c**3 + 7*c**2 + 5*c - 8. Let d be o(-6). Let t be d/(-4 + 2) + 4. Let f = 7 - t. What is the units digit of f?
2
Let y = -847 + 2238. What is the tens digit of y?
9
Let j(r) = r + 1. Let a(o) = -5*o - 9. Let b(y) = -a(y) + 2*j(y). What is the units digit of b(6)?
3
Let q = 273 + 396. What is the units digit of q?
9
Suppose 0 = -4*u + d + 1472, 3*u + d - 2*d = 1105. What is the units digit of u?
7
Let b = 16 - -126. What is the hundreds digit of b?
1
Suppose 0 = -4*x - 5*y + 6 + 7, -2*x = 4*y - 8. Suppose -d + 52 = i, 2*d + x*d + 191 = 3*i. What is the tens digit of i?
5
Let i(q) = 7. Let t(y) = -y + 7. Let w(j) = -3*i(j) + 4*t(j). Let c be 2/8 + (-45)/4. What is the tens digit of w(c)?
5
Let l(a) = a**3 + 20*a**2 + 30*a + 59. What is the hundreds digit of l(-18)?
1
Let b = 811 - -440. What is the thousands digit of b?
1
Let l(x) = -x + 17. Let w be l(10). Let d(q) be the third derivative of q**4/12 - q**2. What is the units digit of d(w)?
4
What is the hundreds digit of ((-194)/(-4))/((-42)/(-420))?
4
Let m(q) = q**2 - 10*q - 9. Let v be m(13). Let p = -20 + v. Let o(j) = j**2 - 5*j - 1. What is the tens digit of o(p)?
4
Let q be (8 + -13)/(1/4). What is the units digit of (-1)/((-6)/q)*144/(-5)?
6
What is the thousands digit of 8/(-32) + 11068/(-48)*-9?
2
Let m(y) = 2*y**2 + 7*y - 7. Let c be m(5). Suppose -4*b = 6*j - 2*j - 8, -b + 8 = -5*j. What is the units digit of (j/(-2))/(3/c)?
3
Let k = 15 - 10. Suppose -l + k*x = -43, 3*x = -l - x + 43. What is the tens digit of l?
4
What is the units digit of 16435/57 + (-1)/3 - 0?
8
Suppose 4*p - 7425 - 1719 = -4*m, 3*m = 5*p - 11454. What is the thousands digit of p?
2
What is the units digit of 33/22*(-3 - (-343)/3)?
7
Suppose 3005 = 4*j - 3*o + 2*o, -2*o + 6 = 0. What is the units digit of j?
2
Let g = -28 - -23. What is the units digit of (-3)/(-5) - (4 + 212/g)?
9
Let s(c) = c**2 + 13*c - 29. Let x be s(-15). What is the units digit of ((-2)/3)/(6/(x*-234))?
6
What is the units digit of 250 - 22 - -2*2?
2
Let s(w) = -1. Let i(j) = 9 + 5*j - 5*j - 3*j. Let l(b) = i(b) + 3*s(b). What is the units digit of l(-11)?
9
Let j = 0 + -2. Suppose 6*l + 5 = 17. What is the units digit of -2*j*1/l?
2
Let n = 377 - 64. What is the units digit of n?
3
Let a = 348 - 234. Suppose 3*c - 45 - a = 0. What is the tens digit of c?
5
Let k(l) = 2*l**2 - 2*l**3 + 3*l - 4*l**2 - 4*l. Suppose 4*m + 2*f = 5*f - 1, 0 = m + 3*f + 4. What is the units digit of k(m)?
1
Suppose 7*v + 3*r = 2*v + 873, 4*v = -5*r + 701. What is the tens digit of 0 + -5 - (3 - v)?
6
Suppose -9*o - 104 = -13*o. Let g be 1/(-2)*(-9 + 1). What is the tens digit of o*(-1 - (-6)/g)?
1
What is the tens digit of 31207/99 + 4/(-18)?
1
Let v = 1599 + 2235. What is the units digit of v?
4
Let n = 44 - 38. Suppose 0 = n*r - 9*r + 279. What is the tens digit of r?
9
Let z be 3/(-9)*13*6. Let v = 103 + z. Suppose 0 = -s - 4*b - 9 + v, -s + b + 53 = 0. What is the tens digit of s?
5
Let m(c) be the second derivative of c**4/12 + c**3/3 + 2*c**2 - 2*c. Let o(y) = y**3 + 2*y**2 - 2*y - 1. Let j be o(-2). What is the tens digit of m(j)?
1
Let u be 5 + -4 + 4 + -1. Suppose m + 3*m - u*d = 272, 0 = 4*m + 3*d - 244. Suppose m = 3*i + 5*x, -16 = -5*x - 6. What is the units digit of i?
8
Let v(z) = 18*z**3 + 3*z**2 + 9*z - 4. Let s be v(4). Suppose -s = i - 8*i. What is the tens digit of i?
7
Let z = -336 + 421. What is the tens digit of z?
8
Let a = -420 + 851. What is the tens digit of a?
3
Suppose -5*y = -g - 2, -3*y + 3*g + 7 = 1. Let l be 9 + (-3 - (y + -2)). Let h = l + 25. What is the units digit of h?
3
Let l(g) = -34*g - 98. What is the hundreds digit of l(-8)?
1
Let p(z) be the second derivative of z**4/12 - z**3 + 3*z**2/2 - 9*z. What is the units digit of p(13)?
4
Let c(x) = 19*x + 241. Let m be c(-11). Suppose -s = 3*s. Suppose b - m + 3 = s. What is the tens digit of b?
2
What is the units digit of -2*((-734)/4 + -3)?
3
Suppose -4*f + 6 = 2. Let s be -1 - 2 - (-71)/f. Suppose -3*j - j = -s. What is the tens digit of j?
1
Suppose 3*n = -9*n + 2448. What is the tens digit of n?
0
Suppose 4*t - 21 = 3. Suppose t + 2 = 4*v. Suppose 2*z - w - 27 = 38, v*z = -4*w + 50. What is the tens digit of z?
3
Let c(u) = -5*u - 28. Suppose 0 = 2*b - d + 2*d + 24, -d + 24 = -2*b. What is the tens digit of c(b)?
3
Suppose 0 = -5*v + l + 5741, -2*v - 2*l - 3446 = -5*v. Suppose 8 = 2*i, 5*i - 76 + v = 4*o. What is the hundreds digit of o?
2
Suppose -c - 4*c + 3*d + 68 = 0, -2*c - d + 25 = 0. Let h(q) = 7*q - 45. What is the tens digit of h(c)?
4
Let p be 560/(-98) - (-2)/(-7). What is the units digit of ((-148)/(-4))/(p/(-54))?
3
Let m = 222 + 88. What is the hundreds digit of m?
3
What is the hundreds digit of -8 - (8 - (1161 - 7))?
1
Let c be (5 - -16) + (5 - 1). Suppose m = -4*m + c. Suppose -m*n + 4*v + 3 = 4, -2*n = -v - 2. What is the units digit of n?
3
Let x(d) = 349*d**2 + 35*d + 30. What is the units digit of x(-1)?
4
Let w(c) = 5*c**2 - 4*c - 2. Let v be w(4). What is the units digit of (v + 3/3)*(-36)/(-42)?
4
Let o be (-42)/(-70) - (-7)/5. Suppose -2*c + 1 = -3. Suppose 4 = -c*m + 8, -164 = -o*a + m. What is the tens digit of a?
8
Suppose 2*o - 310 = 448. Let l = 544 - o. What is the units digit of l?
5
Let b = 274 + 231. What is the tens digit of b?
0
Let g(j) = -j**3 + 26*j**2 - 24*j - 27. Let f be g(25). What is the units digit of (f/(-5))/((-40)/(-100))?
1
What is the units digit of (-3612)/(-48) + 6/8 + 3?
9
Suppose -711 = -2*q - 233. Let f = -166 + q. What is the tens digit of f?
7
Let q = 1290 + 1098. What is the tens digit of q?
8
Let l be ((-6)/15)/(1/(-65)). Let n = l - 18. What is the units digit of n?
8
Suppose -48*a + 43*a + 1985 = 0. Let q = a - 283. What is the tens digit of q?
1
Let n be (-12)/9*6/(-4). Suppose 15 = -n*t - t. What is the units digit of (-2)/t + 266/35?
8
Suppose -4*g + 14724 = 2*w, 4*g + 94*w = 96*w + 14716. What is the tens digit of g?
8
Let m(y) = -y**2 + 15*y - 5. Let n = 74 - 64. What is the tens digit of m(n)?
4
Suppose 4*g - 5 - 23 = 0. Suppose -g*m + 8 = -6*m. Suppose -r + 144 = -3*c + m*c, 52 = 2*c - r. What is the units digit